
False
Is 15326080277 a prime number?
False
Is 284168121 a composite number?
True
Is 9610517822 prime?
False
Is 7202658751 prime?
False
Is 14218230601 a prime number?
False
Is 42158323 prime?
True
Is 131534710023 a composite number?
True
Is 81188151551 prime?
False
Is 128723689 prime?
False
Is 8134763503 composite?
False
Is 377474333 a prime number?
False
Is 859744001 prime?
True
Is 204382831 prime?
True
Is 115268819 a composite number?
True
Is 6509416049 a prime number?
True
Is 21829272065 composite?
True
Is 161827438141 a composite number?
False
Is 66093863 a prime number?
False
Is 1378628749 composite?
True
Is 304902289 composite?
False
Is 207052056619 a composite number?
False
Is 18886161809 a composite number?
True
Is 192644761 prime?
True
Is 5677954069 a composite number?
False
Is 677578757 composite?
False
Is 8692628585 prime?
False
Is 2364950759 a composite number?
False
Is 18656534119 composite?
False
Is 68087599829 a prime number?
False
Is 4470789643 prime?
False
Is 2039187721 composite?
True
Is 216828137 a composite number?
False
Is 7923465377 prime?
True
Is 9004464169 a composite number?
True
Is 11990926279 a prime number?
False
Is 10359657361 prime?
True
Is 118718767829 a composite number?
False
Is 143236729 composite?
False
Is 14254056559 prime?
True
Is 86220737 composite?
False
Is 33728426759 prime?
False
Is 2829059249 prime?
True
Is 254358619 prime?
True
Is 1211365307 a composite number?
True
Is 1259244007 prime?
False
Is 2024872691 prime?
True
Is 83958828077 composite?
False
Is 2817163603 composite?
False
Is 19307743597 a composite number?
True
Is 176320897 composite?
False
Is 3018575139 a prime number?
False
Is 118882103 prime?
False
Is 10950691651 composite?
False
Is 4715271751 a composite number?
True
Is 483796583103 a composite number?
True
Is 15434580157 prime?
True
Is 19531502959 a composite number?
True
Is 34135919953 a composite number?
True
Is 49351392323 a composite number?
True
Is 1866259051 composite?
False
Is 2812467083 a composite number?
False
Is 154310547331 a composite number?
True
Is 25189548051 a composite number?
True
Is 1957493071 prime?
True
Is 405100637 composite?
False
Is 598640083 composite?
False
Is 22518983023 composite?
True
Is 17791239073 a composite number?
False
Is 4502779261 a prime number?
True
Is 1611393967 a composite number?
True
Is 2668661157 prime?
False
Is 17040134203 composite?
False
Is 110291182213 a composite number?
False
Is 27267078445 a prime number?
False
Is 79993730407 prime?
False
Is 14891904743 a prime number?
False
Is 48873010687 prime?
False
Is 393878749453 composite?
True
Is 29784693613 a composite number?
False
Is 72387364019 a composite number?
False
Is 5770054519 a prime number?
False
Is 13833320777 a prime number?
True
Is 309588593 composite?
True
Is 45755888117 composite?
True
Is 3650480867 a composite number?
True
Is 12632883491 a composite number?
True
Is 3768918917 prime?
True
Is 1562829259 a prime number?
False
Is 9720511697 a composite number?
True
Is 2652126979 prime?
False
Is 17384169121 a prime number?
False
Is 936482801 prime?
False
Is 12037867 composite?
False
Is 74929979521 a composite number?
False
Is 4719853 prime?
False
Is 44679671 a prime number?
True
Is 6635045377 composite?
True
Is 1608317549 a composite number?
False
Is 16658312353 a prime number?
True
Is 50694253 prime?
True
Is 92413524727 a composite number?
True
Is 6451436533 a prime number?
False
Is 68051417087 prime?
False
Is 129201257 composite?
True
Is 17231779927 prime?
True
Is 2371199521 a composite number?
False
Is 3651266303 composite?
True
Is 74654998577 composite?
True
Is 9697596001 prime?
True
Is 1011014723 a prime number?
False
Is 54333995671 a prime number?
False
Is 1498321141 prime?
False
Is 10070598029 composite?
True
Is 248309739823 composite?
False
Is 4495706455 a prime number?
False
Is 9815127037 a composite number?
False
Is 103111223 prime?
False
Is 837768611 a prime number?
True
Is 414323227 composite?
True
Is 647698307 a prime number?
True
Is 364037209 a composite number?
True
Is 350943379 a prime number?
False
Is 7216457707 a prime number?
True
Is 4626378327 prime?
False
Is 3749790289 a prime number?
False
Is 1195805837 prime?
False
Is 12626951413 prime?
True
Is 19593171643 a prime number?
True
Is 1133335171 composite?
False
Is 1499560831 prime?
False
Is 2684573419 prime?
False
Is 55004848391 prime?
True
Is 6559495 composite?
True
Is 5994718417 prime?
True
Is 5696454647 a composite number?
True
Is 7414158211 a prime number?
True
Is 2596248269 prime?
True
Is 225187241 a composite number?
True
Is 5881778579 composite?
True
Is 941297053 a composite number?
False
Is 1676302541 composite?
False
Is 10890454997 a prime number?
False
Is 24151386497 prime?
False
Is 14853694523 a prime number?
True
Is 5557944493 a composite number?
False
Is 1231368907 a composite number?
False
Is 1018813571 a prime number?
True
Is 21082325551 composite?
True
Is 1223041823 a composite number?
True
Is 13833797462 a composite number?
True
Is 1306755161 prime?
True
Is 1050743885 composite?
True
Is 2331736243 a composite number?
False
Is 61110512321 a prime number?
False
Is 1373289127 a prime number?
False
Is 113204111 composite?
False
Is 1698288583 prime?
True
Is 294796196521 composite?
False
Is 3876317209 a prime number?
True
Is 892173847 a prime number?
False
Is 16118881 composite?
True
Is 3113446097 composite?
True
Is 1508010047 a composite number?
False
Is 11863512931 prime?
True
Is 18508172201 composite?
True
Is 11081046679 prime?
False
Is 171132263 a prime number?
True
Is 47096005711 a prime number?
True
Is 6543151877 a prime number?
True
Is 9777060305 prime?
False
Is 22531543 prime?
True
Is 174183679 a prime number?
False
Is 110295193 prime?
True
Is 2204699327 composite?
False
Is 3135331169 composite?
True
Is 11106299371 composite?
False
Is 677424409 prime?
True
Is 7044993509 composite?
False
Is 26124646511 composite?
True
Is 29809234439 prime?
True
Is 35946208583 prime?
True
Is 214655657 composite?
False
Is 808584173 composite?
True
Is 9640478795 prime?
False
Is 64082071 prime?
False
Is 23496037 composite?
False
Is 1365748543 a composite number?
False
Is 901967513 a prime number?
False
Is 1136487167 a composite number?
False
Is 3848981549 composite?
True
Is 267180514903 a composite number?
True
Is 607232651 composite?
False
Is 47037654617 composite?
False
Is 2746256707 prime?
True
Is 21863656949 prime?
True
Is 4701168217 prime?
True
Is 37842253217 a composite number?
False
Is 2813419867 prime?
False
Is 1409850907 a composite number?
True
Is 67873312919 a prime number?
False
Is 4752998365 prime?
False
Is 560137657 a composite number?
True
Is 809780333 a prime number?
False
Is 4772823889 a prime number?
True
Is 41809283513 composite?
False
Is 2139861907 a prime number?
False
Is 1359204971 composite?
False
Is 9446353273 a prime number?
False
Is 556544383 composite?
True
Is 4771317997 a prime number?
False
Is 20090221339 a prime number?
True
Is 115168972823 a prime number?
True
Is 9584191397 a prime number?
False
Is 52686590377 a composite number?
True
Is 5223197687 a composite number?
False
Is 4033354781 a prime number?
True
Is 531101 composite?
False
Is 34866091853 a prime number?
True
Is 210672641 prime?
True
Is 105866741021 composite?
True
Is 7557486967 a composite number?
False
Is 34970556811 a prime number?
False
Is 17629295621 a composite number?
True
Is 66373682039 prime?
False
Is 290152829 a prime number?
False
Is 24845604185 a composite number?
True
Is 54234172483 a composite number?
True
Is 12622746491 composite?
True
Is 288386447 composite?
False
Is 2183091373 a composite number?
False
Is 8377334531 composite?
False
Is 222916370869 a composite number?
False
Is 132777433991 a prime number?
False
Is 19285704443 a composite number?
True
Is 33168291997 a composite number?
False
Is 5031315983 composite?
False
Is 81048707687 composite?
True
Is 1462237367 composite?
False
Is 1989799037 prime?
True
Is 4394909189 a composite number?
True
Is 5765041339 a prime number?
True
Is 448600543 prime?
False
Is 1130597639 a prime number?
False
Is 981196679 prime?
True
Is 889588301 a composite number?
True
Is 1014677627 composite?
False
Is 4147478051 a composite number?
True
Is 13281652939 a prime number?
Fal